 + (0 - 60)
-69
Evaluate (-770 - -752) + (-94 - (12 + -7)).
-117
What is the value of (-29 - -30) + 5 + (13 - (-1 - 9))?
29
Evaluate -25 + (-22 + -38 - -36) + (-7 - -2).
-54
What is the value of -14 - ((38 - -24) + -13)?
-63
What is -50 - -3 - ((16 - -1) + 4)?
-68
What is the value of 381 + -130 - 88 - 117?
46
Evaluate -14 + -7 - (80 - (-89 + 211)).
21
Evaluate -14 + 15 + 4 + 0 - -2 - 40.
-33
What is 6 + (-31 - -35) + -1 + -13 - (-29 - 1)?
26
What is -97 - (-32 + (8 + 5 - 4))?
-74
What is the value of -14 + -5 + (-45 - -9)?
-55
199 + -163 + (10 + 18 - -14)
78
Evaluate -33 - (-21 + (-9 - 33)) - -44.
74
Calculate (64 - (-11 - -111)) + (-22 - -3).
-55
Evaluate -11 + -97 + -26 + 85.
-49
What is the value of -597 + 586 + 18 + 2 - (-1 - -47)?
-37
What is -15 + 0 - (119 + -164)?
30
What is 12 + -1 - (-22 - (14 + -12 + -43))?
-8
Evaluate (-65 - -77 - (-6 + -1)) + -32.
-13
What is -37 - ((8 - -14 - 2) + -3 + -1)?
-53
What is -292 + 282 + (1 - -8 - -1) + 77?
77
Calculate (120 - 143) + 91 + 29.
97
Calculate 25 + (-29 - -49 - 15 - -17).
47
Evaluate -47 - 2 - ((2 - 12) + 3 + 1).
-43
What is the value of -40 + (20 - -11 - -57)?
48
Evaluate 5 - (-8 - (6 + -3) - (52 + -58)).
10
(7 - -1) + (-236 - -112) + 103
-13
Evaluate 100 + -19 + (2 - 19 - (-263 - -223)).
104
(2 - 112) + -3 + 1 + -2 - (20 - 20)
-114
-16 + 9 - (3 + (-3 - 2) - (146 + -70))
71
Calculate -1 + 0 + (10 - 1) + (15 - -7 - -15).
45
20 + -28 - -20 - 12 - (3 + -3 + -31)
31
What is (64 + -58 - 133) + 28?
-99
Calculate -5 + (44 - (5 + 28)).
6
What is the value of -4 - 9 - (-109 + -53 + 100)?
49
What is the value of -21 - 21 - ((-8 - (-1 + -5 + 4)) + 19)?
-55
What is (522 + -503 - (1 - 3)) + -1 + -70?
-50
Calculate (30 + -20 - -100) + -44.
66
14 + 1 - (46 + -45 - (27 + -19))
22
Calculate -4 + -1 - (-1908 + 1927).
-24
Calculate -1 + 16 + 41 + (24 - 28) + 24 + -14.
62
What is the value of -31 + -2 + -566 + 583 + 0 + -11?
-27
What is the value of -91 + 86 + (-30 - -1) - -13?
-21
What is 1254 - 1316 - (-125 + -2)?
65
What is the value of (16 - (-30 + 47) - -44) + (14 - 0)?
57
Evaluate 0 + (18 + -21 - (-2 - 6) - -3 - -6).
14
-18 + -27 - -51 - 43
-37
What is the value of -68 - -66 - 1 - 10?
-13
Evaluate -91 + (19 - 12) - -41.
-43
What is the value of -72 + (43 + -15 - -2)?
-42
What is the value of -20 - (62 + -69) - (9 - -2)?
-24
What is -212 - -132 - (131 + -103)?
-108
(35 - (3 + 14)) + (4 + -5 + -2 - 3)
12
Calculate (-3 - -4) + 0 - (-1 - -1 - (274 + -250)).
25
What is the value of 0 + (-76 - (61 + -78))?
-59
Evaluate -74 - (-12 - (57 - 36)).
-41
21 + (12 - (56 + 9)) + 15
-17
What is the value of -222 + 191 + -1 + 52?
20
What is 16 - 83 - (-9 - (6 + -13)) - -15?
-50
Calculate 12 - 28 - (-2 + 70 - -3).
-87
38 + (20 + -32 - 27) - (0 - -23)
-24
What is the value of -2533 - -2566 - (74 - 1)?
-40
-33 + 23 + 42 + 18
50
What is the value of (1108 - 1148) + 0 + 6?
-34
-40 + 20 + 54 + 8
42
Calculate 29 + (-8 - (28 + -19 - 26)).
38
Evaluate 36 - (-23 + 26 + 1).
32
What is the value of 41 + 33 + 54 + -104?
24
What is (30 - 61 - -96 - 23) + 7?
49
What is -23 - ((-36 - (-59 + 46)) + 32)?
-32
What is 46 + (-18 - -39 - (7 + (18 - 23)))?
65
Calculate (-2 + 2 + 14 - 1) + (-16 - (-117 + 66)).
48
-6 + (5 - 8) + 32 + -14 - -98
107
What is the value of -2 + (-8 + 14 + -19 - -58) + 8 + -15?
36
What is the value of (12 - -108) + (197 - 284)?
33
-2 - 0 - (-12 + -1 - (74 + -78)) - 36
-29
Calculate -1 + -30 + -49 + 57.
-23
Calculate -30 - (161 - 165 - (-2 - (-1 + -2))).
-25
What is the value of 52 + -124 - 20 - 43?
-135
Evaluate 11 - -2 - (-3 - 11).
27
(-21 - -2) + 47 + -38 + -27
-37
Evaluate -28 - 66 - (49 + -133).
-10
What is the value of (0 - (-76 - -37)) + 1 + 3?
43
Evaluate (120 - 1) + (-156 - (-20 + -117)) + 27 + -1.
126
Calculate 29 + 2 + -42 + -5.
-16
Evaluate (7 - -67) + 7 + 9 - 24.
66
Evaluate 3 + (-9 - -1 - (0 + (-9 - -23) + 9)).
-28
Evaluate 14984 - 15040 - (8 - 10 - (0 - -15)).
-39
Calculate 42 + 9 + -65 + (8 - 3) - -12.
3
-7 - ((-3 - (-11 + -14)) + (-124 - 4))
99
What is the value of 13 + 0 + (-9 - (3 - 10)) + 25?
36
What is the value of 20 - 2 - (-6 + 11 - (-3 - (-19 + 4)))?
25
Evaluate -6 - (16 + -8 + -88 + 19) - -1.
56
Calculate -52 + (26 - -24) - (11 + (1 + 1 - 3)).
-12
Evaluate (28 - (9 + -6)) + (-7 + 1 - -2) + -6.
15
2 + -37 + 51 - 4
12
Calculate 0 - (-50 + 53 + -30).
27
(-19 - -4) + 2 + (6 - 1) + 0 + -9
-17
12173 + -12274 - (-35 + -1)
-65
Evaluate (-6 - (-14 + -1 + -6)) + -12 + -14 + 2.
-9
Calculate 2 - 6 - ((-9 - -8) + (0 - -11) - 18).
4
Evaluate -13 - (-3 - (2 - (-10 - (-14 + -3))) - -29).
-44
Calculate (1 - -12) + 10 + 8 + (2 - -16).
49
Calculate -70 + -4 + -15 - -146.
57
(-6 - -30) + 0 - 12 - (7 + 1 - 0)
4
2 + (-4 - -2) + 29 + -101 + 94
22
(-5 - 1) + (53 - 33 - 39) + 4
-21
What is -8 + 56 + 0 + -18 + (7 - 1) + 6?
42
-8 + -2 - ((-21 - -39) + -39 - -11)
0
((-8 - (-15 + 4)) + 5 + -11 - -4) + 120
121
What is 73 - ((-5 + -9 - -29) + (-4 - 2))?
64
Evaluate -13 - (24 - -2 - (-239 + 265)).
-13
-55 + 8 + 21 + -1
-27
What is the value of -157 - (-78 + 62) - -71?
-70
Calculate 13575 + -13489 + (-200 - 1).
-115
Calculate (14 - 9) + (16 - 18 - 16).
-13
What is 10 + -5 + 23 - (-19 + 3 + 6)?
38
Calculate (-27 - -52 - 77) + 19 + 29.
-4
Evaluate -84 + 573 + -572 + 17 + 1.
-65
What is -13 + 51 + -27 - ((3 - 0) + 5 + -4)?
7
What is (13 - ((-19 - -7) + (109 - 12))) + 4?
-68
5568 + -5576 + (-2 - (78 - -1))
-89
11 + 6 + (-25 - (-10 + 0)) - 10 - -48
40
90 - 0 - ((0 - 1) + -57 - -39)
109
What is 7 - ((19 + 68 - (-5 - 16)) + -1 + 3)?
-103
Calculate 7 + -13 + 6 + (48 + 0 - (77 + -85)).
56
Calculate 0 + 110 + 7400 + -7427.
83
Evaluate (-4 - 0) + -26 + (-2 - -1) + (-38 - -59).
-10
(-16 + 13 + -10 + 15 - (-6 - -2)) + -36
-30
What is 40 + -25 - (268 - 294 - (-1 + -2))?
38
What is the value of 7 - (1 + -52 - (-29 + 30 + 2))?
61
What is 0 + -9 + (-21 - (-24 + 32)) + 13?
-25
29 + (9 - (-7 - -21))
24
What is 2 - -12 - (115 + 78 + -101)?
-78
What is -56 - 23 - ((5 - 2 - 2) + (6 - 2))?
-84
(7 - 2 - -1) + -75 + 21 + -32 + 3
-77
What is the value of (-2 - -28) + -10 - (17 - 0) - (-13 + -1)?
13
What is -3 + (45 + 29 - 18)?
53
Evaluate -6 - -7 - (-9 + -2) - (44 + -142 - -38).
72
Evaluate -9 + (4 - 3 - -4) + -2 - (-292 + 252).
34
What is (-193 - -97) + -1 + 135?
38
Evaluate 78 + (-144 + 76 - 88).
-78
Evaluate 1 + (2 - 4) + -8 - (-32 + 4 + -28).
47
Calculate (139 - 58) + -42 + 7.
46
Evaluate 31 + 12 + -63 + 19.
-1
What is the value of 44 + 5 + 0 - (-85 - -89)?
45
Calculate 169 + (-208 - -29) + -65 + 1 + 1.
-73
What is the value of -1 - 1 - 60 - (-236 + 254)?
-80
Evaluate (-36 - (-18 + -18)) + 6.
6
Evaluate 2 + -3 + (-66 - (-2 + 1)) + -12 + -15.
-93
What is -1 - (-330 + 359 + 0 + -18)?
-12
What is the value of 12 - ((-4 - 2) + -15 + 11 + (-36 - 21))?
79
What is the value of -5 + -4 + 8 + 46 - (34 - -5 - 44)?
50
What is 4 + 6 - (0 + -1) - (16 - (17 + -11))?
1
Evaluate (1 - 1) + -20 + 4 + (-11 - -20).
-7
What is the value of -1 - (-3 - 1) - (38 + 61 + -100)?
4
Calculate 29 - (61 + 19 + 4).
-55
What is 60 - (40 + (8 - 20) + -6)?
38
13 - (-27 - -20 - -98) - (-13 + 4)
-69
0 + 5 + -66 + 6 + (-54 - -65)
-44
41 - ((-171 - -138) + 75 + -2)
1
Evaluate 3 + (16 - 22) + -10 + 81 + 17.
85
Calculate -41 - (15 - 8 - 14) - -24 - 0.
-10
Calculate (-37 - -38 - (-5 - -11) - -46) + 0.
41
Evaluate 24 + -11 + (-12 - (8 + -5)).
-2
Calculate -20 + (-7 - (-47 - -22)) + (0 - 1).
-3
What is the value of 160 + -35 + -22 + -65?
38
What is the value of 1485 + -1390 - (22 - -2)?
71
What is (11 + -5 - (-92 + (18 - (-4 - -9)))) + -10?
75
-154 + 170 + -27 + 0 + 60
49
Calculate 3 + (12 - (-16 + (-3 - -22))) + (-7 - 0).
5
Evaluate -1 + -16 - (-8 - (-110 + 139)).
20
10392 + -10454 - (-2 + -4 + -1 + 2)
-57
(-39 - -74) + -83 + (2 - 0)
-46
-26 + 9 - 6 - (-1 + 20)
-42
What is (68 + -52 - 14) + (-2 - (0 + 0))?
0
What is the value of (9 - 1) + (77 - (10 + -13)) + -15?
73
-20 + (18 - (-53 - -28) - -2)
25
What is the value of 67 - ((-96 - -135) + -30 + 5)?
53
What is 26 + -5 + -18 + -1 + 31?
33
What is the value of -47 + (6 - 14 - -27) + -30?
-58
What is 18 - 5 - (-14 - -6)?
21
What is the value of (2 - (12 - (-4 + -2 + 16 - -7))) + -16?
-9
What is the value of -84 + (267 - (-12 - -98))?
97
What is -3 - ((16 - 62) + 2 + -7 + 10) - -9?
47
What is the value of -70 + -7 + 3 - -4 - (28 + -29 - 4